{"id":34,"date":"2022-07-06T18:09:27","date_gmt":"2022-07-06T18:09:27","guid":{"rendered":"http:\/\/www.stellamaris.tur.br\/?page_id=34"},"modified":"2022-07-16T19:02:13","modified_gmt":"2022-07-16T19:02:13","slug":"home","status":"publish","type":"page","link":"https:\/\/www.stellamaris.tur.br\/","title":{"rendered":"Home"},"content":{"rendered":"\n\n\n<h3><font style=\"vertical-align: inherit;\"><font style=\"vertical-align: inherit;\">pousada stella maris<\/font><\/font><\/h3>\n\n<p style=\"text-align: justify;\">A pousada Stella Maris oferece excelente op\u00e7\u00e3o de hospedagem. Localizada na Praia da Costa h\u00e1 apenas 60 minutos do aeroporto de Ilh\u00e9us, de frente para o mar nossa pousada oferece tranquilidade, lazer e acomoda\u00e7\u00f5es confort\u00e1veis.<\/p><p style=\"text-align: justify;\"> Dispomos de apartamentos e chal\u00e9s com ar condicionado, frigobar, TV, rede na varanda e ampla \u00e1rea de lazer totalmente arborizada com piscina.<\/p>\n\n\n\n\n\n\n\n\n\n\n\n\n\n<h3>canavieiras<\/h3>\n\n<p style=\"text-align: justify;\">Localiza \u00e0s margens do rio Pardo, a cidade de Canavieiras oferece aos visitantes sua beleza, seu romantismo e um estado de paz quase indescrit\u00edveis. Os primeiros habitantes de Canavieiras foram os portugueses e brasileiros vindos de Ilh\u00e9us por volta da primeira d\u00e9cada de 1700, que ergueram uma capela que dedicaram a S\u00e3o Boaventura. Alguns anos mais tarde, os habitantes da Freguesia de S\u00e3o Boaventura do Poxim vieram a saber da exist\u00eancia de uma ilha \u00e0 margem do rio Pardo e para l\u00e1 se mudaram, desabitando, assim, o n\u00facleo inicial do&nbsp;povoamento. O novo lugar apresentava condi\u00e7\u00f5es mais favor\u00e1veis, pois as terras se prestavam ao cultivo da cana-de-a\u00e7\u00facar.<\/p><br><p><br><\/p>\n\n\n\n\n\n\n\n\n<h3>SERVI\u00c7OS<\/h3>\n\n<p style=\"text-align: center; \">A pousada Stella Maris oferece excelente op\u00e7\u00e3o de hospedagem com tranquilidade, lazer e acomoda\u00e7\u00f5es confort\u00e1veis. <\/p>\n\n\n<p>A pousada conta com uma grande \u00e1rea externa, arborizada e a apenas 10 metros do mar.<\/p>\n\n\n<p><font style=\"vertical-align: inherit;\"><font style=\"vertical-align: inherit;\">S\u00e3o 20 apartamentos equipados com ar condicionado, tv, varandas com redes, frigobares para \u00e1rea de lazer<\/font><\/font><\/p>\n\n\n<p><font style=\"vertical-align: inherit;\"><font style=\"vertical-align: inherit;\">Em meio a muito verde est\u00e1 de lazer com churrasqueira e uma piscina vista.<\/font><\/font><\/p>\n\n\n<p>Repleto de del\u00edcias regionais. <\/p>\n\n\n\n\n\n\n\n<h3><font style=\"vertical-align: inherit;\"><font style=\"vertical-align: inherit;\">pescaria<\/font><\/font><\/h3>\n\n<p style=\"text-align: justify;\">Canavieiras \u00e9 considerada a melhor cidade pesqueira do Brasil e a pousada Stella Maris disp\u00f5e de toda estrutura necess\u00e1ria para pesca esportiva nos rios Pardo, Salsa, Cip\u00f3, Peixe Boi e Jacar\u00e9, onde s\u00e3o encontrados abundantemente peixes como o Robalo, o Tucunar\u00e9 e pra quem gosta de emo\u00e7\u00e3o o Tarpon regionalmente conhecido como Cangurupim. A B\u00edblia do pescador destaca Canavieiras como o maior pesqueiro de Robalo. Toda essa diversidade integrada aos ecossistemas com respeito ao meio ambiente. Em canavieiras anualmente acontece o torneio internacional de pesca oce\u00e2nica e peixes de bico tais como o Marlim Azul, Marlim Branco e Sailfish, gra\u00e7as ao Royal Charlote Bank estar a 20 milhas da costa.\nVenha voc\u00ea tamb\u00e9m desfrutar deste para\u00edso natural chamado Canavieiras e fa\u00e7a da sua estada dias inesquec\u00edveis!<\/p>\n\n\n\n\n\n\n\n\n\n\n\n\n\n\n\n\n\n\n\n\n","protected":false},"excerpt":{"rendered":"","protected":false},"author":1,"featured_media":0,"parent":0,"menu_order":0,"comment_status":"closed","ping_status":"closed","template":"","meta":{"pagelayer_contact_templates":[],"_pagelayer_content":"","footnotes":""},"class_list":["post-34","page","type-page","status-publish","hentry"],"_links":{"self":[{"href":"https:\/\/www.stellamaris.tur.br\/index.php?rest_route=\/wp\/v2\/pages\/34","targetHints":{"allow":["GET"]}}],"collection":[{"href":"https:\/\/www.stellamaris.tur.br\/index.php?rest_route=\/wp\/v2\/pages"}],"about":[{"href":"https:\/\/www.stellamaris.tur.br\/index.php?rest_route=\/wp\/v2\/types\/page"}],"author":[{"embeddable":true,"href":"https:\/\/www.stellamaris.tur.br\/index.php?rest_route=\/wp\/v2\/users\/1"}],"replies":[{"embeddable":true,"href":"https:\/\/www.stellamaris.tur.br\/index.php?rest_route=%2Fwp%2Fv2%2Fcomments&post=34"}],"version-history":[{"count":13,"href":"https:\/\/www.stellamaris.tur.br\/index.php?rest_route=\/wp\/v2\/pages\/34\/revisions"}],"predecessor-version":[{"id":325,"href":"https:\/\/www.stellamaris.tur.br\/index.php?rest_route=\/wp\/v2\/pages\/34\/revisions\/325"}],"wp:attachment":[{"href":"https:\/\/www.stellamaris.tur.br\/index.php?rest_route=%2Fwp%2Fv2%2Fmedia&parent=34"}],"curies":[{"name":"wp","href":"https:\/\/api.w.org\/{rel}","templated":true}]}}